on factor of 6 and b?
3
Suppose -52 = 3*i - 5*o, -i - 3*o - 30 = 4*i. Let f be 2/(1*(-6)/i). Let m be 47 + f/6*-6. What is the highest common factor of m and 110?
22
Let z = 45 + -16. Calculate the greatest common factor of 232 and z.
29
Let g(t) = t - 10. Suppose 2*z - 2*d - 4 = 22, -37 = -3*z + 2*d. Let b be g(z). What is the greatest common divisor of 8 and b?
1
Suppose 4*y - 55 = -z - y, 0 = 3*z - 4*y - 127. Suppose -14*w + 8*w + 54 = 0. What is the highest common divisor of w and z?
9
Let i be (-1)/14*-12*126. Let b(k) = -2*k + 2. Let g be b(-5). Calculate the greatest common factor of g and i.
12
Suppose -5*l = -70 - 50. Let z(a) = -15*a**3 - 2*a - 1. Let r be z(-1). Calculate the greatest common factor of l and r.
8
Suppose 0*c + 80 = 4*c. What is the greatest common factor of c and 20?
20
Let m = 2 - 1. Let y = 2 - 3. Let g be 2 + 1 + y + 4. What is the highest common divisor of m and g?
1
Suppose y - 6*y = -240. What is the greatest common divisor of 120 and y?
24
Suppose -4*z = -61 - 83. Calculate the greatest common factor of z and 54.
18
Let o be 12 + (2 - 0 - 3). Let j = 93 + 6. Calculate the highest common divisor of j and o.
11
Suppose 0 = -5*a - 94 - 61. Let q be (-3 - a/7)*7. Let m be 2/(-8) + 68/16. Calculate the greatest common divisor of q and m.
2
Let p = -1 + 6. Let y be (-2)/5 + 34/10. Suppose -5 = 5*s, x = -2*x + y*s + 48. What is the highest common divisor of x and p?
5
Let x = 58 + 2. What is the greatest common divisor of 10 and x?
10
Let p be -1*(15/(-3) + -10). Calculate the highest common factor of 165 and p.
15
Let n(m) = 22*m**2 + 16 - 12 + 18*m**2 + 2*m. Let x be n(-2). Calculate the greatest common factor of x and 20.
20
Let m = 4 + -3. Let k be ((-10)/(-3) - m)*3. What is the greatest common factor of 21 and k?
7
Suppose 0 = 2*m - 5*k - 13, 3 = 2*k - 3. Let p = -22 - -36. What is the highest common divisor of p and m?
14
Suppose -4*r = -2*r + 2, -68 = -4*g - 4*r. Calculate the highest common divisor of g and 90.
18
Let c = -4 - -1. Let j(h) = h**2 + 6*h + 1. Let l be j(-4). Let t = c - l. What is the highest common divisor of 16 and t?
4
Let p(a) = a**2 - 5*a. Let j be p(5). Let g(y) = -y + 7 + 0*y - 2 + y**2. Let t be g(j). What is the greatest common divisor of 35 and t?
5
Suppose 3*i = 2*h - 3*h - 12, -5*h = 3*i. Calculate the highest common factor of 1 and h.
1
Suppose 5 + 2 = t. Calculate the greatest common divisor of 35 and t.
7
Let k be (-6)/8 - (-30)/8. Suppose -v - 2*g + 12 = v, 0 = -v - k*g - 2. What is the highest common factor of 20 and v?
10
Let q = 9 - 4. Let x be 26 + 2 + (-20)/q. Calculate the greatest common factor of x and 12.
12
Let o = -512 - -314. Let n = -322 - o. Let f be n/(-8) - (-1)/2. Calculate the greatest common factor of 176 and f.
16
Suppose 0 = -5*u - 2*i + 148, -2*u - 5*i + 75 = -1. Calculate the greatest common divisor of 7 and u.
7
Suppose -3*t + 15 = 0, 3*a + 4*t + 53 = 343. Let z be -9*(4/(-2) - 0). Calculate the highest common divisor of z and a.
18
Let t = 3 + 1. Let l be ((-16)/10)/(t/(-30)). Suppose -l = -y - 4*w, 4*y - 5*w - 6 = 21. What is the highest common factor of y and 32?
8
Let j = -64 - -92. Suppose 0 = -4*d - d + 15. Suppose 0 = -k + d + 1. What is the highest common divisor of j and k?
4
Let p(k) = -k**3 - 6*k**2 + 3*k + 8. Let g be p(-7). Let w be g/5 + 8/10. Calculate the highest common divisor of 4 and w.
4
Suppose c - 12 = -2*o + 16, 0 = -4*o - 3*c + 60. Calculate the greatest common factor of 6 and o.
6
Let o be (-1 + -1)/((-4)/18). What is the greatest common factor of 45 and o?
9
Let j(t) be the first derivative of -1/2*t**2 + 7*t - 2. Let s be j(4). What is the greatest common factor of s and 3?
3
Suppose -3*f = f + p + 321, 2*f + 171 = 3*p. Let o = -45 - f. What is the highest common divisor of o and 90?
18
Suppose 0 = 7*o - 69 + 13. What is the greatest common factor of 24 and o?
8
Suppose 9 = 3*g - 2*m, 0 = 2*g - 2*m - 11 + 3. What is the greatest common factor of 1 and g?
1
Suppose v + 32 = 2*v - 4*p, 2 = v + 2*p. Suppose 2*q + v = 4*q. Calculate the highest common divisor of q and 30.
6
Let r(b) be the third derivative of b**6/30 - b**5/15 + b**4/12 + 3*b**2. Let c be r(2). What is the highest common divisor of c and 180?
20
Let o be (-10)/45 + (-308)/(-9). Let t be (0 + o/(-4))*-2. Calculate the greatest common divisor of 34 and t.
17
Suppose 0 = o - 10 - 16. Calculate the highest common divisor of 65 and o.
13
Suppose -3*i + 5*q - 11 = 0, -2*i = q + 5 - 15. Suppose -1 = 2*n - 2*x - 3, -n - i*x + 1 = 0. Let y = 34 + n. What is the highest common divisor of y and 5?
5
Let g be ((-2)/6)/((-10)/360). Calculate the greatest common factor of g and 78.
6
Let t = 121 - 56. Calculate the greatest common divisor of t and 13.
13
Let q(j) = j**2 + 9. Let d be q(-3). Calculate the highest common factor of d and 9.
9
Suppose -3*t + 5*b + 25 = 5, 0 = -5*t + 2*b + 65. What is the highest common factor of t and 6?
3
Suppose 5*z = 163 + 147. What is the greatest common factor of 31 and z?
31
Let s = 156 + -86. Suppose 3*r + 22 = s. What is the highest common factor of r and 40?
8
Let o(s) be the second derivative of -s**3/3 + 2*s**2 - s. Let x be o(-6). Suppose 3*y = 12, j + 3*y = 2*j - 36. Calculate the highest common factor of x and j.
16
Let n(h) = -5*h - 8. Let q be n(-4). Suppose q = 2*f - 3*a, f + f = 5*a + 8. Calculate the highest common divisor of f and 3.
3
Suppose -2*l + 2*i + 92 = -0*i, -5*l + 2*i + 227 = 0. Calculate the highest common factor of 15 and l.
15
Let h(f) = f**3 - 15*f**2 + 21*f - 6. Let t be h(14). Calculate the greatest common factor of 23 and t.
23
Let u(n) = -n**2 + n. Let z(p) = p**3 - 2*p**2 - 2. Let k(d) = -6*u(d) + z(d). Let x be k(-4). Calculate the highest common divisor of 2 and x.
2
Let w = -16 - -38. Let g = -37 + 39. Calculate the greatest common divisor of g and w.
2
Let c be ((-2)/3)/(1/(315/(-6))). What is the greatest common divisor of 7 and c?
7
Let z(w) = w**2 - w. Let n be z(-4). Suppose k + 7 = -2*s - 4*k, -5*s + k - 4 = 0. Let l = 3 - s. Calculate the greatest common divisor of l and n.
4
Let f be (-1510)/(-12) + 1/6. Let x = 0 + 18. Calculate the greatest common divisor of x and f.
18
Let r be (-3865)/(-25) - -5 - (-4)/10. Calculate the greatest common factor of 10 and r.
10
Suppose 0*j = -2*j + 4. What is the highest common divisor of 2 and j?
2
Let r be 6/10*(-5 - -15). Let j be ((-18)/(-8))/(r/16). What is the highest common factor of j and 30?
6
Let d(t) = -4*t + 1. Let c be d(-1). What is the greatest common divisor of 5 and c?
5
Suppose 0 = 27*l - 22*l - 70. What is the greatest common divisor of 42 and l?
14
Suppose -f - 2*a = f - 48, -4*f = -5*a - 96. What is the highest common factor of 60 and f?
12
Let w(i) = -6*i - 24. Let x be w(-5). Calculate the highest common divisor of x and 18.
6
Suppose -f + 550 = 4*f. What is the highest common factor of 10 and f?
10
Let z be 35/(-1)*18/(-45). Calculate the highest common factor of 21 and z.
7
Let a be 6/5*10/4. Let m = -6 + 3. Let w be (-222)/(-9) + 2/m. Calculate the highest common divisor of a and w.
3
Let v = -16 - -127. Let q be 6/4*(3 + v). Calculate the greatest common divisor of 19 and q.
19
Suppose -7*d + 70 = -2*d. What is the greatest common factor of 98 and d?
14
Let r = -5 + 9. Let k = 12 + -8. Calculate the highest common divisor of r and k.
4
Let v = -3 + 8. Suppose -3*d = y - 12, v*d - 2*d - 5*y = 12. Suppose d*b = -b, -4*r - b = -56. What is the greatest common factor of 35 and r?
7
Suppose 0 = 2*b - 4*b - 4*p + 24, 0 = 5*b - 5*p - 120. What is the highest common divisor of b and 100?
20
Let g be (-12 - -4)*(-5)/(-4)*-1. Calculate the greatest common divisor of 6 and g.
2
Let q = 17 + -11. Let x be 2/2 - 1 - -15. What is the highest common divisor of x and q?
3
Let u(t) = -14*t. Let i be u(-5). What is the highest common divisor of 14 and i?
14
Let b(p) = p**3 + 14*p**2 + 4*p + 9. Let r be b(-11). Calculate the greatest common divisor of r and 41.
41
Let n(m) = 2*m**3 + 4*m**2 - 3. Let c(j) = j + 4. Let u be c(0). Let r be n(u). What is the greatest common divisor of r and 21?
21
Let d(b) = 22*b - 2. Let z be d(2). Calculate the highest common factor of z and 63.
21
Let h(b) be the first derivative of b**4/4 - 4*b**3/3 - 2*b**2 + 5*b - 4. 